t x = -163 + 165. Let r(g) = -4*g**2 + 2*g. Calculate r(x).
-12
Let l(h) be the third derivative of -h**6/360 - h**5/120 + h**4/4 + 2*h**3/3 + 17*h**2. Let t(o) be the first derivative of l(o). Calculate t(0).
6
Let a(z) = -28 + 37*z**3 - 16*z**3 - 22*z**3 + 17*z**2 - 15*z. Give a(16).
-12
Let f(o) = 2*o**3 - 7*o**2 - 1. Let l(k) = -3*k**3 + 8*k**2 + 1. Let v(b) = 4*f(b) + 3*l(b). Let s = 41 - 45. Calculate v(s).
-1
Let i(b) = 25*b + 205. Let r be i(-8). Let l(t) = -6 + 0 + 1 - t. What is l(r)?
-10
Let g(t) be the third derivative of t**6/120 - t**5/60 + t**4/24 + t**3/6 - t**2. Determine g(-1).
-2
Let t be 32/5 + (-20)/50. Let k(l) = -l**3 + l**2 - 3*l - 4. Let j(d) = -d**3 + 2*d**2 - 4*d - 5. Let i(q) = t*k(q) - 5*j(q). Give i(2).
-19
Suppose -3*a = -6, -4*h + 4 = -2*a - 16. Let w(r) be the second derivative of r**3 + 1/2*r**2 - 1/12*r**4 + 0 - 11*r. What is w(h)?
1
Let w(a) = a + 6. Let s be w(-2). Suppose -p + s*h - 2 = p, 0 = -p - 2*h + 15. Let y(i) = i**3 - 7*i**2 + 4. Calculate y(p).
4
Suppose -n - 5 = -f - 3*f, 2*f + 3*n + 1 = 0. Let w(i) be the second derivative of -i**3/6 + i**2/2 - 194*i - 9. What is w(f)?
0
Let l(q) = q**2 - 8*q + 9. Suppose 0 = -m - 2*b - 4 + 3, 4*m = 4*b + 32. Suppose m*v - 75 = 5*p, 3*v - 31 = 4*p + 34. Let d = p + 26. Give l(d).
-3
Let i(u) = 10*u + 6. Let p(c) = -43*c - 25. Let n(f) = 13*i(f) + 3*p(f). Suppose -h - 12 = 4*v, 4*h + 3 = -2*v - 3. Calculate n(v).
0
Let k(m) = 5*m**3 + m**2 + 3*m - 1. Let y(o) = o**3 + o**2 + 1. Let t(f) = k(f) - 6*y(f). Let a be (6 + -1)/((-2)/(-1 - 0 - -3)). Determine t(a).
-22
Suppose 0 = -4*c - 37 - 11. Let q be (-3)/c + 214/8. Let r be ((-3)/(-9))/((-3)/q). Let p(m) = 3*m + 3. Calculate p(r).
-6
Suppose -i = 2, 4*x + 3*i = -2*i + 2. Suppose 3*y = x - 21. Let l(d) = d - 3 + 8 - 2. What is l(y)?
-3
Let n(g) = -16*g + 9. Let z(t) = 34*t - 19. Let d(a) = 13*n(a) + 6*z(a). Give d(6).
-21
Let f = -33 - -14. Let k = -17 - f. Suppose -3*v + 15 = -h + 2*v, 0 = k*h + 4*v + 2. Let a(z) = z**2 + 5*z. What is a(h)?
0
Let q be -2 + -18*(-2)/3. Suppose 0 = -4*v + 2 + q, -4*r + v = -1. Let j(y) = -3*y - 1. Calculate j(r).
-4
Let m(v) = -v**3 + 10*v**2 + 3*v - 9. Let y(s) = 4*s**2 + 9*s - 24. Let d be y(2). Determine m(d).
21
Suppose -53*x = -1276 + 57. Let q(t) = t**2 - 23*t - 7. Calculate q(x).
-7
Let m = 318 - 320. Let u(o) = o + 1. Calculate u(m).
-1
Let y(x) = x**3 - 2*x**2 + 4. Let a be y(2). Let m(o) be the second derivative of o**4/12 - o**3 + 5*o**2/2 - 7*o. What is m(a)?
-3
Suppose -4*k + 3*s + 40 = 0, 5*k - 4*s = 3*k + 30. Let l(p) be the third derivative of -1/120*p**6 + k*p**2 + 1/12*p**4 - p**3 + 1/15*p**5 + 0 + 0*p. Give l(4).
2
Let o(i) = -i + 6. Let t(g) = -5*g - 7. Let q(k) = -4*k - 7. Let z(j) = -7*q(j) + 6*t(j). Let d(f) = -3*o(f) + 2*z(f). Calculate d(4).
-8
Let v = 104 + -66. Suppose -a = -5, -3*y - a - 3*a + v = 0. Let s(p) = p**2 - 9*p + 11. Let c be s(y). Let u(j) = -2*j - 8. Determine u(c).
6
Let p be (-46)/138*((-16 - 0) + 1). Let h(j) be the second derivative of -j**3/6 + 3*j**2 + j. What is h(p)?
1
Let j = -14 - -9. Let z = -3 - j. Suppose -3 = -z*v + 9. Let x(t) = -t**3 + 6*t**2 + 2*t + 2. What is x(v)?
14
Suppose 4*f - 8 = b, -4*b - 23 = 5*f + 30. Let a be 0 - b/(12/(-3)). Let s(r) = -r - 3. What is s(a)?
0
Let w(s) be the third derivative of s**6/120 + s**5/6 + s**4/4 - 7*s**3/2 - 356*s**2. Calculate w(-9).
6
Suppose 2*l - 6*f = -f - 10, 37 = 5*l + 3*f. Suppose -44 - 25 = 4*b + l*c, -5*b = -c + 108. Let n = -18 - b. Let i(k) = -k**2 + k + 2. Give i(n).
-4
Let p = -6 - -10. Suppose p*i - 10 = 2. Let k(x) = -i*x - 4 + 5 + 2*x - 2. What is k(5)?
-6
Let p(r) = 133 - 139 + 2*r - 4*r. Let g(a) = -2*a - 7. Let v be g(-7). Determine p(v).
-20
Let k(q) = q**3 + q**2 + q. Let s be -3 + (-50)/30 + (-8)/(-3). What is k(s)?
-6
Let u(f) = 6*f**3 - 2*f**2 + 5*f - 9. Let q(n) = -5*n**3 + 2*n**2 - 4*n + 8. Let h(g) = -5*q(g) - 4*u(g). What is h(3)?
5
Let o(j) = j**3 + 6*j**2 - j - 2. Let s(m) = m**3 + 8*m**2 - m - 3. Let n(k) = -4*o(k) + 3*s(k). What is n(0)?
-1
Let a(t) = -2*t**2 - 1. Let j(l) = -3*l**2 + 3*l. Let k(w) = 2*w**2 - 4*w - 1. Let g(h) = 4*j(h) + 3*k(h). Let f(c) = 11*a(c) - 4*g(c). Calculate f(-2).
9
Let o(p) = -20*p - 11*p**2 - 15 + 32*p - 12*p - p**3 + 11*p + 0. Calculate o(-12).
-3
Let w(x) be the third derivative of x**6/120 + x**5/30 - 5*x**4/24 - x**3/2 - 4*x**2. Let k be w(-3). Let n(o) = o - 2. Give n(k).
1
Let x(t) = 2 + 7 + 1 + 2*t - 8. Give x(12).
26
Suppose 15 = -3*c, -2*q + 5*c = 9*c + 2. Let w(d) = d**3 - 9*d**2 + 5*d + 1. Determine w(q).
46
Let h be 54/2 + 28/(-7). Let m(c) = 2*c**2 - 5*c**2 + 2*c**2 - 1 + h*c - 14*c. Determine m(6).
17
Let t(o) = 3*o + 6. Let b(w) = 17*w + 31. Let r(l) = -2*b(l) + 11*t(l). Determine r(-8).
12
Let j(s) = -s**2 + 7*s + 9. Let y(v) = v**2 - 15*v + 39. Let q be y(12). Suppose -2*u + 24 = 2*p, -q*u - 5*p + 49 = 5. Give j(u).
1
Let l(t) = -2*t + 2. Let a be (-8)/(-14) + (-8)/14. Suppose -k + 11 = -2*n, 2*k + a*n = -n + 7. Calculate l(k).
-8
Let c(y) = y**2 - 8*y - 1. Let t be (-45)/6*8/(-12). Suppose -2*m - t*q = -2, -4*q + 4 = 4*m - 2*m. Calculate c(m).
-13
Suppose 0 = -2*w - 8*w + 40. Let m(r) = r**2 - r - 4. Calculate m(w).
8
Let x(z) = -z - 2. Let t(k) = k**3 + 38*k + 7 - 35*k - 6*k**2 + 0*k**3. Let j be t(5). Let o be 0*(j - -4)/(-2). Determine x(o).
-2
Suppose -2*u + 2*l = 6*l, -2*l = 2*u - 4. Let n(g) = 3*g**2 + 4*g + 15. Let v(x) = 2*x**2 + 3*x + 14. Let s(b) = u*v(b) - 3*n(b). Determine s(0).
11
Suppose 2*t + 4 = 0, 5 - 17 = -5*s - 4*t. Suppose -s*i + 21 - 5 = 0. Let h(m) = -m**3 + 5*m**2 - 5*m + 3. Give h(i).
-1
Let k(y) be the second derivative of y**5/10 - y**3/3 + y**2 + 169*y - 2. Determine k(2).
14
Suppose 4*d + 35 = d + 5*g, -2*g - 30 = d. Let w be 2/(-14) - d/(-7). Let u(c) = 1 + 7*c - 3*c**2 - c - 4*c - c**3. Determine u(w).
-5
Let w(a) = -a**3 + a**2 + 1. Let b(z) = -3*z**3 + z**2 + 4*z + 5. Let i(n) = b(n) - 2*w(n). Let k be 12/5 - (-2)/(-5). Suppose -k*h + 15 = -7*h. What is i(h)?
9
Let b(h) = -5*h - 56. Let q = 94 + -106. Let a be b(q). Let s(f) be the third derivative of f**6/120 - f**5/12 - f**4/24 + 2*f**3/3 - f**2. Determine s(a).
-16
Suppose -24 = -20*n + 76. Let z(j) = -2*j + 5. Calculate z(n).
-5
Let w(f) = -f. Let x be w(2). Let z be ((-2)/(-1))/x*-3. Let y(g) = 6*g - 4*g - 5 - z*g. Give y(6).
-11
Let c(o) be the third derivative of 0 - 11*o**2 + 0*o + 0*o**3 - 11/24*o**4. Determine c(-1).
11
Let k(a) = -3*a**2 - 3*a. Let h(f) = f**3 + 8*f**2 + 7*f + 1. Let m be h(-7). Suppose 3*t = m - 7. Calculate k(t).
-6
Let d = 2 + -2. Let j(z) = 16*z**3 + 19*z**2 + 2 - 17*z**3 - 18*z**2. Give j(d).
2
Let q(u) = u - 4. Suppose -226 = -8*g + 126. Suppose -g*b - 16 = -40*b. Calculate q(b).
-8
Let l be (5 - 1 - 145)/(9/(-6)). Let b(q) = 45 + 50 + 8*q - l. Calculate b(2).
17
Let u(k) = -k + 8. Let n be u(11). Let h(g) = -4*g**3 - 3*g**2 + 3*g + 2. Let d(o) = 3*o**3 + 3*o**2 - 3*o - 2. Let z(y) = 3*d(y) + 2*h(y). Give z(n).
7
Let r(i) = i**3 - 6*i**2 + 10*i - 28. Let c be r(5). Let p(s) = -s**3 - 4*s**2 - 3*s + 4. Give p(c).
4
Let h(c) = 19*c. Let k(b) = 341*b. Let f(d) = -55*h(d) + 3*k(d). Calculate f(-1).
22
Let z(y) = -y**3 + 16*y**2 + 17*y + 1. Let a = -62 + 79. Let f be z(a). Let c(m) = 11*m. Calculate c(f).
11
Let m(h) be the second derivative of -13*h**4/6 + h**3/6 + h**2/2 - 57*h. Determine m(-1).
-26
Let g(n) = -n + 1. Let o(l) = 2*l - 23. Let x(u) = 4*g(u) + o(u). Let p be x(-8). Let b(f) = f**2 + 5*f - 1. What is b(p)?
-7
Let q(i) = i**3 - 4*i**2 + 2*i + 2. Suppose 0 = 4*y - a - 7 - 8, 2*a = -y + 6. Suppose 16 = -3*m + c, 0*c = 4*m + 5*c - y. Let k = -1 - m. Calculate q(k).
-1
Let h = 11 - 15. Let o(p) = -216990 + 216990 - 2*p**2 - 6*p. Determine o(h).
-8
Let l(t) be the third derivative of -t**5/60 + t**4/24 - t**3/3 - t**2. Suppose -g + 3 = 1, p - g = 1. Suppose -p*k = -k - 4. What is l(k)?
-4
Let t(a) be the second derivative of a**3/6 - 6*a**2 - a. Suppose 6*i - 8 = -3*p + 4*i, -4*p - 2*i = -8. Calculate t(p).
-12
Let w = -15 + 20. Let h(u) = -3*u - 48*u**2 + 7 + 94*u**2 + u**3 - 51*u**2. Calculate h(w).
-8
Suppose -2*n - 10 = -7*n. Suppose d = -3*u + 6, 4*d = -n*u - 2 + 16. Let z(y) = y - 21*y**3 + 10*y**3 + 16*y**3 + 6*y**3. Give z(u).
12
Let o = 286 - 282. Suppose 4*r - 8 = -2*c, -2*c 